) to base 12.
3
What is 0 (base 7) in base 9?
0
Convert 48 (base 13) to base 7.
114
What is -52 (base 15) in base 7?
-140
What is b4 (base 12) in base 14?
9a
What is 0 (base 2) in base 4?
0
-2 (base 7) to base 10
-2
What is -271 (base 11) in base 5?
-2240
Convert 3 (base 5) to base 15.
3
Convert 4 (base 7) to base 14.
4
Convert 4 (base 13) to base 14.
4
What is 8 (base 13) in base 6?
12
Convert -2 (base 12) to base 6.
-2
2 (base 8) to base 13
2
What is -20021 (base 3) in base 4?
-2221
Convert 3 (base 15) to base 8.
3
42 (base 5) to base 4
112
What is -31 (base 6) in base 9?
-21
Convert 3 (base 15) to base 10.
3
Convert 1000 (base 2) to base 15.
8
130 (base 8) to base 2
1011000
Convert 512 (base 8) to base 12.
236
-1 (base 2) to base 16
-1
What is -12 (base 3) in base 6?
-5
-3 (base 5) to base 10
-3
Convert 85 (base 15) to base 4.
1331
What is 3 (base 15) in base 12?
3
What is 3a (base 14) in base 12?
44
1 (base 7) to base 6
1
What is 115 (base 13) in base 15?
c7
111000 (base 3) to base 2
101011111
300 (base 4) to base 10
48
Convert -1 (base 7) to base 10.
-1
Convert -233 (base 11) to base 12.
-1b2
What is -c (base 16) in base 12?
-10
What is 295 (base 12) in base 5?
3101
What is -1 (base 10) in base 13?
-1
What is -10 (base 6) in base 10?
-6
Convert -1 (base 6) to base 8.
-1
What is 0 (base 2) in base 13?
0
15 (base 14) to base 13
16
6 (base 11) to base 15
6
What is 33 (base 4) in base 2?
1111
What is -2022 (base 3) in base 4?
-332
What is 2 (base 5) in base 4?
2
-2 (base 4) to base 5
-2
What is -101200 (base 3) in base 13?
-192
What is 131 (base 4) in base 2?
11101
What is 111 (base 2) in base 5?
12
Convert 51 (base 8) to base 10.
41
30 (base 7) to base 3
210
Convert -43 (base 8) to base 15.
-25
Convert -202 (base 3) to base 10.
-20
What is -28 (base 11) in base 10?
-30
10 (base 5) to base 10
5
0 (base 5) to base 13
0
-100 (base 4) to base 14
-12
143 (base 5) to base 16
30
Convert 33 (base 9) to base 12.
26
-4 (base 6) to base 8
-4
-2 (base 7) to base 9
-2
What is -1 (base 2) in base 5?
-1
Convert 36 (base 7) to base 5.
102
What is 0 (base 6) in base 8?
0
What is -22 (base 16) in base 2?
-100010
What is -70 (base 16) in base 13?
-88
Convert -11 (base 7) to base 12.
-8
-6 (base 12) to base 5
-11
What is -1 (base 14) in base 4?
-1
Convert -1011 (base 5) to base 2.
-10000011
What is -111 (base 5) in base 14?
-23
-30 (base 6) to base 8
-22
What is 44 (base 5) in base 16?
18
What is -115 (base 14) in base 5?
-1330
What is -2 (base 4) in base 11?
-2
Convert 14 (base 5) to base 13.
9
-2 (base 7) to base 6
-2
-41 (base 11) to base 5
-140
What is -5 (base 15) in base 3?
-12
c (base 14) to base 4
30
1 (base 11) to base 13
1
What is 11 (base 4) in base 13?
5
-4 (base 11) to base 3
-11
Convert -15 (base 9) to base 11.
-13
-8 (base 13) to base 8
-10
What is a (base 16) in base 7?
13
Convert 4 (base 14) to base 16.
4
-c (base 13) to base 14
-c
9 (base 15) to base 10
9
What is 4 (base 14) in base 7?
4
What is 22 (base 4) in base 11?
a
79 (base 15) to base 16
72
Convert 3 (base 8) to base 4.
3
Convert 6 (base 8) to base 16.
6
Convert -10 (base 7) to base 13.
-7
41 (base 7) to base 15
1e
Convert -11 (base 5) to base 15.
-6
What is -3 (base 7) in base 8?
-3
Convert -72 (base 12) to base 16.
-56
What is -1 (base 14) in base 4?
-1
What is -12 (base 7) in base 5?
-14
-31 (base 12) to base 10
-37
Convert -13 (base 6) to base 7.
-12
Convert -1e (base 15) to base 4.
-131
-6 (base 10) to base 6
-10
What is 0 (base 8) in base 10?
0
What is -100101 (base 2) in base 3?
-1101
What is -201 (base 7) in base 10?
-99
What is -412 (base 6) in base 7?
-305
68 (base 14) to base 6
232
What is -10110000 (base 2) in base 13?
-107
What is -11b (base 13) in base 11?
-166
1 (base 7) to base 8
1
b7 (base 16) to base 12
133
-32 (base 4) to base 7
-20
Convert -2 (base 13) to base 3.
-2
51 (base 10) to base 5
201
What is 100 (base 2) in base 16?
4
What is 100100010 (base 2) in base 9?
352
What is -145 (base 13) in base 3?
-22101
3 (base 13) to base 2
11
What is 1b (base 15) in base 7?
35
1222 (base 3) to base 13
41
What is 1 (base 3) in base 5?
1
225 (base 6) to base 12
75
3 (base 7) to base 11
3
Convert -10111010 (base 2) to base 15.
-c6
2 (base 9) to base 5
2
10 (base 13) to base 2
1101
What is 3 (base 4) in base 15?
3
What is 1422 (base 5) in base 6?
1033
Convert 4 (base 6) to base 11.
4
-b0 (base 12) to base 11
-110
41 (base 8) to base 15
23
Convert 1011101 (base 2) to base 9.
113
What is -37 (base 15) in base 11?
-48
-445 (base 6) to base 8
-255
Convert 0 (base 5) to base 3.
0
1 (base 12) to base 2
1
Convert 29 (base 16) to base 14.
2d
What is -8 (base 15) in base 16?
-8
What is 12 (base 6) in base 7?
11
What is 22 (base 9) in base 6?
32
Convert 7 (base 16) to base 2.
111
What is 2 (base 8) in base 15?
2
2 (base 15) to base 7
2
Convert 1003 (base 4) to base 5.
232
-b9 (base 14) to base 2
-10100011
What is 3 (base 12) in base 6?
3
0 (base 6) to base 13
0
What is -28 (base 15) in base 6?
-102
Convert 31 (base 6) to base 2.
10011
3 (base 14) to base 3
10
Convert 36 (base 7) to base 5.
102
Convert -37 (base 11) to base 15.
-2a
Convert -1b (base 15) to base 10.
-26
What is 18 (base 14) in base 12?
1a
Convert 1 (base 8) to base 10.
1
-1010 (base 2) to base 14
-a
ab (base 13) to base 2
10001101
Convert -33 (base 4) to base 2.
-1111
What is -3 (base 15) in base 14?
-3
-42 (base 9) to base 13
-2c
-13 (base 7) to base 8
-12
-61 (base 11) to base 8
-103
3 (base 5) to base 13
3
What is 99 (base 13) in base 3?
11200
Convert -13 (base 5) to base 8.
-10
Convert 22 (base 4) to base 6.
14
Convert 14 (base 5) to base 11.
9
Convert -101 (base 4) to base 10.
-17
-55 (base 9) to base 6
-122
Convert -10 (base 13) to base 16.
-d
What is -2001 (base 3) in base 7?
-106
Convert a0 (base 16) to base 12.
114
What is -54 (base 6) in base 3?
-1021
What is -4 (base 10) in base 9?
-4
Convert -73 (base 11) to base 12.
-68
What is 14 (base 15) in base 7?
25
Convert 0 (base 3) to base 8.
0
12000 (base 3) to base 8
207
Convert -10 (base 5) to base 2.
-101
What is -89 (base 10) in base 7?
-155
What is 4 (base 5) in base 10?
4
Convert -3 (base 5) to base 15.
-3
What is -153 (base 8) in base 9?
-128
What is -3 (base 12) in base 5?
-3
Convert 41 (base 13) to base 7.
104
What is -6 (base 12) in base 9?
-6
What is -2 (base 11) in base 6?
-2
What is -9c (base 13) in base 5?
-1004
Convert -14 (base 11) to base 12.
-13
0 (base 13) to base 4
0
Convert -3 (base 9) to base 3.
-10
-324 (base 5) to base 8
-131
Convert -5c (base 15) to base 12.
-73
-10100010 (base 2) to base 7
-321
14 (base 8) to base 3
110
What is 15 (base 6) in base 3?
102
-1101 (base 2) to base 3
-111
Convert -6 (base 12) to base 13.
-6
What is 15 (base 11) in base 14?
12
Convert 1e (base 15) to base 16.
1d
6 (base 16) to base 9
6
Convert -51 (base 8) to base 5.
-131
20 (base 13) to base 8
32
-28 (base 13) to base 11
-31
What is c8 (base 15) in base 13?
116
0 (base 12) to base 11
0
Convert 4 (base 7) to base 8.
4
Convert -101 (base 2) to base 4.
-11
What is 31 (base 7) in base 13?
19
What is -2 (base 3) in base 15?
-2
13 (base 8) to base 2
1011
What is -2 (base 11) in base 2?
-10
7 (base 9) to base 3
21
19 (base 12) to base 7
30
Convert 2 (base 7) to base 5.
2
What is 1111 (base 4) in base 10?
85
Convert -20 (base 6) to base 8.
-14
-29 (base 11) to base 12
-27
10 (base 4) to base 15
4
What is 4 (base 13) in base 10?
4
What is 35 (base 16) in base 5?
203
Convert -101 (base 2) to base 4.
-11
What is -210 (base 4) in base 8?
-44
Convert 3 (base 5) to base 8.
3
22 (base 3) to base 14
8
What is 0 (base 6) in base 2?
0
What is -2 (base 8) in base 2?
-10
What is -100001 (base 2) in base 13?
-27
-b (base 14) to base 11
-10
-147 (base 12) to base 16
-c7
Convert 2 (base 8) to base 5.
2
Convert 351 (base 9) to base 3.
101201
Convert -10000 (base 2) to base 9.
-17
Convert -42 (base 11) to base 4.
-232
Convert -24 (base 13) to base 10.
-30
-f (base 16) to base 14
-11
Convert 2 (base 13) to base 7.
2
What is 2a (base 16) in base 7?
60
What is 31 (base 5) in base 16?
10
What is -178 (base 11) in base 12?
-152
Convert -1 (base 6) to base 2.
-1
34 (base 13) to base 9
47
Convert 62 (base 8) to base 9.
55
-12 (base 8) to base 11
-a
What is 0 (base 14) in base 10?
0
What is 1 (